
5
What is the tens digit of 2969918?
1
What is the ten thousands digit of 23245308?
4
What is the hundreds digit of 7611571?
5
What is the tens digit of 12303850?
5
What is the ten thousands digit of 1369820?
6
What is the hundreds digit of 686950?
9
What is the thousands digit of 316298?
6
What is the tens digit of 255816?
1
What is the tens digit of 3136283?
8
What is the hundreds digit of 355255?
2
What is the units digit of 378078?
8
What is the thousands digit of 74698?
4
What is the ten thousands digit of 13238088?
3
What is the hundred thousands digit of 252443?
2
What is the tens digit of 5593921?
2
What is the ten thousands digit of 229382?
2
What is the thousands digit of 3845013?
5
What is the hundred thousands digit of 4333893?
3
What is the hundred thousands digit of 2101850?
1
What is the tens digit of 339403?
0
What is the thousands digit of 306829?
6
What is the thousands digit of 281786?
1
What is the hundreds digit of 4052744?
7
What is the hundred thousands digit of 18020768?
0
What is the units digit of 174222?
2
What is the units digit of 1855722?
2
What is the hundred thousands digit of 438204?
4
What is the hundred thousands digit of 1667219?
6
What is the thousands digit of 10140?
0
What is the millions digit of 2336184?
2
What is the ten thousands digit of 16789437?
8
What is the tens digit of 2508571?
7
What is the units digit of 405403?
3
What is the millions digit of 5714271?
5
What is the ten thousands digit of 102736?
0
What is the millions digit of 2430335?
2
What is the hundreds digit of 1849?
8
What is the ten thousands digit of 98963?
9
What is the hundred thousands digit of 2121266?
1
What is the hundreds digit of 434130?
1
What is the hundred thousands digit of 13442038?
4
What is the ten thousands digit of 13738244?
3
What is the thousands digit of 7285?
7
What is the hundred thousands digit of 13812987?
8
What is the units digit of 27203?
3
What is the millions digit of 20412795?
0
What is the millions digit of 10243067?
0
What is the ten thousands digit of 300048?
0
What is the millions digit of 2767927?
2
What is the ten thousands digit of 115102?
1
What is the ten thousands digit of 1695964?
9
What is the ten thousands digit of 623020?
2
What is the units digit of 7169382?
2
What is the ten thousands digit of 231146?
3
What is the ten thousands digit of 8687701?
8
What is the hundred thousands digit of 439203?
4
What is the units digit of 3624321?
1
What is the units digit of 18562291?
1
What is the thousands digit of 8106923?
6
What is the hundred thousands digit of 6952820?
9
What is the units digit of 18651538?
8
What is the tens digit of 2427979?
7
What is the hundreds digit of 3176119?
1
What is the hundred thousands digit of 17035296?
0
What is the millions digit of 3040837?
3
What is the ten thousands digit of 28048?
2
What is the units digit of 1334783?
3
What is the thousands digit of 335361?
5
What is the ten thousands digit of 446729?
4
What is the units digit of 38679371?
1
What is the tens digit of 264034?
3
What is the units digit of 114507?
7
What is the tens digit of 116133?
3
What is the hundreds digit of 532119?
1
What is the tens digit of 823706?
0
What is the units digit of 853716?
6
What is the ten millions digit of 25772836?
2
What is the thousands digit of 26858878?
8
What is the hundreds digit of 4220244?
2
What is the hundreds digit of 102842?
8
What is the hundred thousands digit of 638840?
6
What is the tens digit of 802707?
0
What is the thousands digit of 6848840?
8
What is the tens digit of 8683499?
9
What is the units digit of 16556196?
6
What is the tens digit of 1156115?
1
What is the millions digit of 1103480?
1
What is the hundreds digit of 4209670?
6
What is the hundred thousands digit of 392058?
3
What is the thousands digit of 10325843?
5
What is the tens digit of 429261?
6
What is the tens digit of 1913668?
6
What is the thousands digit of 802340?
2
What is the thousands digit of 20196030?
6
What is the thousands digit of 32023547?
3
What is the units digit of 1302189?
9
What is the ten thousands digit of 433302?
3
What is the hundreds digit of 1051469?
4
What is the units digit of 6056392?
2
What is the thousands digit of 1334682?
4
What is the ten thousands digit of 246130?
4
What is the hundreds digit of 14998726?
7
What is the tens digit of 3723328?
2
What is the hundred thousands digit of 1352581?
3
What is the ten thousands digit of 4177606?
7
What is the units digit of 536231?
1
What is the ten thousands digit of 6430135?
3
What is the hundred thousands digit of 7705454?
7
What is the thousands digit of 431603?
1
What is the thousands digit of 244100?
4
What is the hundred thousands digit of 658698?
6
What is the hundred thousands digit of 467980?
4
What is the hundred thousands digit of 1910849?
9
What is the units digit of 502597?
7
What is the thousands digit of 338022?
8
What is the thousands digit of 5007274?
7
What is the hundreds digit of 237966?
9
What is the ten thousands digit of 3173739?
7
What is the tens digit of 17654326?
2
What is the ten millions digit of 34015460?
3
What is the thousands digit of 308837?
8
What is the thousands digit of 1374280?
4
What is the hundred thousands digit of 218717?
2
What is the hundreds digit of 12381329?
3
What is the ten thousands digit of 131605?
3
What is the thousands digit of 1886407?
6
What is the thousands digit of 493713?
3
What is the units digit of 15106235?
5
What is the ten thousands digit of 300908?
0
What is the tens digit of 4509175?
7
What is the hundreds digit of 6670443?
4
What is the tens digit of 6628508?
0
What is the ten thousands digit of 19142581?
4
What is the hundred thousands digit of 975822?
9
What is the hundred thousands digit of 17853687?
8
What is the millions digit of 5947988?
5
What is the ten thousands digit of 675847?
7
What is the ten thousands digit of 9886387?
8
What is the hundred thousands digit of 5663371?
6
What is the units digit of 17333?
3
What is the hundreds digit of 78878?
8
What is the tens digit of 69645?
4
What is the hundred thousands digit of 570914?
5
What is the hundred thousands digit of 482492?
4
What is the hundred thousands digit of 310312?
3
What is the hundreds digit of 5841480?
4
What is the tens digit of 594103?
0
What is the hundred thousands digit of 3897974?
8
What is the thousands digit of 27146556?
6
What is the hundreds digit of 1058797?
7
What is the hundred thousands digit of 3178293?
1
What is the hundreds digit of 782210?
2
What is the thousands digit of 3976346?
6
What is the hundreds digit of 1365249?
2
What is the ten thousands digit of 567620?
6
What is the hundred thousands digit of 9014567?
0
What is the units digit of 5606105?
5
What is the hundred thousands digit of 8424322?
4
What is the units digit of 293536?
6
What is the tens digit of 693141?
4
What is the hundreds digit of 9429686?
6
What is the units digit of 241106?
6
What is the units digit of 2979748?
8
What is the hundred thousands digit of 297899?
2
What is the hundred thousands digit of 383477?
3
What is the millions digit of 1274185?
1
What is the hundreds digit of 229591?
5
What is the hundreds digit of 3501677?
6
What is the ten thousands digit of 63249?
6
What is the units digit of 149394?
4
What is the tens digit of 403761?
6
What is the hundreds digit of 304273?
2
What is the hundred thousands digit of 197715?
1
What is the hundreds digit of 3409914?
9
What is the ten millions digit of 25434174?
2
What is the ten thousands digit of 53206?
5
What is the hundred thousands digit of 30024279?
0
What is the hundreds digit of 7835148?
1
What is the units digit of 2841145?
5
What is the hundred thousands digit of 131748?
1
What is the hundreds digit of 51099?
0
What is the thousands digit of 1561929?
1
What is the hundreds digit of 970798?
7
What is the ten thousands digit of 178995?
7
What is the hundreds digit of 15670363?
3
What is the thousands digit of 14026869?
6
What is the tens digit of 7120987?
8
What is the thousands digit of 17541380?
1
What is the hundred thousands digit of 246054?
2
What is the hundred thousands digit of 329823?
3
What is the ten thousands digit of 1164187?
6
What is the units digit of 169139?
9
What is the tens digit of 306806?
0
Wha